{"id":1428,"date":"2014-10-20T10:37:04","date_gmt":"2014-10-20T09:37:04","guid":{"rendered":"http:\/\/skogsblomma.com\/?page_id=1428"},"modified":"2014-10-20T10:37:55","modified_gmt":"2014-10-20T09:37:55","slug":"losenord","status":"publish","type":"page","link":"https:\/\/skogsblomma.com\/?page_id=1428","title":{"rendered":"L\u00f6senord"},"content":{"rendered":"<p>Jag har inf\u00f6rt l\u00f6senord till vissa inl\u00e4gg. L\u00f6senordet \u00e4r namnet p\u00e5 mina f\u00f6r\u00e4ldrars katt.<\/p>\n<p><a href=\"http:\/\/skogsblomma.com\/wp-content\/uploads\/2014\/10\/20120601-Bosse-2.jpg\"><img loading=\"lazy\" decoding=\"async\" class=\"aligncenter size-full wp-image-1397\" src=\"http:\/\/skogsblomma.com\/wp-content\/uploads\/2014\/10\/20120601-Bosse-2.jpg\" alt=\"20120601 Bosse (2)\" width=\"192\" height=\"256\" \/><\/a><\/p>\n","protected":false},"excerpt":{"rendered":"<p>Jag har inf\u00f6rt l\u00f6senord till vissa inl\u00e4gg. L\u00f6senordet \u00e4r namnet p\u00e5 mina f\u00f6r\u00e4ldrars katt.<\/p>\n","protected":false},"author":1,"featured_media":0,"parent":0,"menu_order":0,"comment_status":"open","ping_status":"open","template":"","meta":{"footnotes":""},"class_list":["post-1428","page","type-page","status-publish","hentry"],"jetpack_sharing_enabled":true,"_links":{"self":[{"href":"https:\/\/skogsblomma.com\/index.php?rest_route=\/wp\/v2\/pages\/1428","targetHints":{"allow":["GET"]}}],"collection":[{"href":"https:\/\/skogsblomma.com\/index.php?rest_route=\/wp\/v2\/pages"}],"about":[{"href":"https:\/\/skogsblomma.com\/index.php?rest_route=\/wp\/v2\/types\/page"}],"author":[{"embeddable":true,"href":"https:\/\/skogsblomma.com\/index.php?rest_route=\/wp\/v2\/users\/1"}],"replies":[{"embeddable":true,"href":"https:\/\/skogsblomma.com\/index.php?rest_route=%2Fwp%2Fv2%2Fcomments&post=1428"}],"version-history":[{"count":2,"href":"https:\/\/skogsblomma.com\/index.php?rest_route=\/wp\/v2\/pages\/1428\/revisions"}],"predecessor-version":[{"id":1430,"href":"https:\/\/skogsblomma.com\/index.php?rest_route=\/wp\/v2\/pages\/1428\/revisions\/1430"}],"wp:attachment":[{"href":"https:\/\/skogsblomma.com\/index.php?rest_route=%2Fwp%2Fv2%2Fmedia&parent=1428"}],"curies":[{"name":"wp","href":"https:\/\/api.w.org\/{rel}","templated":true}]}}